{"id":271,"date":"2025-10-09T11:30:35","date_gmt":"2025-10-09T09:30:35","guid":{"rendered":"https:\/\/la-lucarne.org\/index.php\/3-cofondateurs-2\/"},"modified":"2026-02-13T15:07:38","modified_gmt":"2026-02-13T14:07:38","slug":"nous-soutenir","status":"publish","type":"page","link":"https:\/\/la-lucarne.org\/index.php\/nous-soutenir\/","title":{"rendered":"Nous soutenir"},"content":{"rendered":"<div id=\"cs-content\" class=\"cs-content\"><div class=\"x-section e271-e1 m7j-0 m7j-1 m7j-2\" id=\"Nos partenaires\"><div class=\"x-div x-container max width e271-e2 m7j-7 m7j-8 m7j-9 m7j-a\"><div class=\"x-text x-text-headline e271-e3 m7j-h m7j-i\"><div class=\"x-text-content\"><div class=\"x-text-content-text\">\n<h2 class=\"x-text-content-text-primary\">Nos partenaires<\/h2><\/div><\/div><\/div><div class=\"x-text x-content e271-e4 m7j-k m7j-l m7j-m\"><p><span class=\"TextRun SCXW207724003 BCX0\" lang=\"FR-FR\" xml:lang=\"FR-FR\" data-contrast=\"none\"><span class=\"NormalTextRun SCXW207724003 BCX0\">Ils nous soutiennent d\u00e9j\u00e0, et nous leur adressons un <span style=\"color: #21938c;\"><strong>immense merci<\/strong><\/span>. <br \/>\nLeur engagement est fondamental pour le d\u00e9veloppement de La Lucarne et pour l\u2019essor des projets \u00e0 impact que nous accompagnons. Chaque partenaire apporte une force unique, un regard expert et un ancrage pr\u00e9cieux dans notre \u00e9cosyst\u00e8me.<\/span><\/span><span class=\"EOP SCXW207724003 BCX0\" data-ccp-props=\"{&quot;134233117&quot;:false,&quot;134233118&quot;:false,&quot;335559738&quot;:240,&quot;335559739&quot;:240}\">\u00a0<br \/>\n<span class=\"TextRun SCXW244677240 BCX0\" lang=\"FR-FR\" xml:lang=\"FR-FR\" data-contrast=\"none\"><span class=\"NormalTextRun SCXW244677240 BCX0\">Gr\u00e2ce \u00e0 eux, La Lucarne peut offrir un accompagnement solide, un r\u00e9seau d'expert\u00b7es qualifi\u00e9\u00b7es et un cadre propice \u00e0 l\u2019\u00e9mergence de projets entrepreneuriaux qui transforment positivement nos territoires.<\/span><\/span><span class=\"EOP SCXW244677240 BCX0\" data-ccp-props=\"{&quot;134233117&quot;:false,&quot;134233118&quot;:false,&quot;335559738&quot;:240,&quot;335559739&quot;:240}\">\u00a0<\/span><br \/>\n<\/span><\/p><\/div><\/div><\/div><div class=\"x-section e271-e5 m7j-1 m7j-3 m7j-4\"><div class=\"x-div x-container max width e271-e6 m7j-7 m7j-8 m7j-9 m7j-a\"><div class=\"x-row e271-e7 m7j-q m7j-r m7j-s m7j-t m7j-x\"><div class=\"x-row-inner\"><div class=\"x-col e271-e8 m7j-10 m7j-11\"><div class=\"x-div e271-e9 m7j-7 m7j-9 m7j-a m7j-b\"><span class=\"x-image e271-e10 m7j-14 m7j-15 m7j-16 m7j-17\"><img decoding=\"async\" src=\"https:\/\/la-lucarne.org\/wp-content\/uploads\/2025\/10\/Logo-EMS-banniere.png\" width=\"340\" height=\"70\" alt=\"Placeholder Image\" loading=\"lazy\"><\/span><\/div><div class=\"x-div e271-e11 m7j-9 m7j-a m7j-b m7j-c m7j-d\"><div class=\"x-text x-content e271-e12 m7j-l m7j-n m7j-o\"><p data-start=\"101\" data-end=\"392\"><span class=\"TextRun SCXW23613942 BCX0\" lang=\"FR-FR\" xml:lang=\"FR-FR\" data-contrast=\"none\"><span class=\"NormalTextRun SCXW23613942 BCX0\">La Lucarne est n&eacute;e &agrave; Strasbourg, et c&rsquo;est un honneur de b&eacute;n&eacute;ficier du soutien de la <strong>Ville et Eurom&eacute;tropole de Strasbourg<\/strong>. <br \/><br \/>Leur engagement t&eacute;moigne d&rsquo;une volont&eacute; forte de <\/span><\/span><strong><span class=\"TextRun SCXW23613942 BCX0\" lang=\"FR-FR\" xml:lang=\"FR-FR\" data-contrast=\"none\"><span class=\"NormalTextRun SCXW23613942 BCX0\">favoriser le maillage local<\/span><\/span><\/strong><span class=\"TextRun SCXW23613942 BCX0\" lang=\"FR-FR\" xml:lang=\"FR-FR\" data-contrast=\"none\"><span class=\"NormalTextRun SCXW23613942 BCX0\"> des projets &agrave; impact, et d&rsquo;investir dans la croissance d&rsquo;initiatives innovantes et responsables. L&rsquo;Eurom&eacute;tropole de Strasbourg est &eacute;galement un membre actif de notre <\/span><\/span><span class=\"TextRun SCXW23613942 BCX0\" lang=\"FR-FR\" xml:lang=\"FR-FR\" data-contrast=\"none\"><span class=\"NormalTextRun SCXW23613942 BCX0\">comit&eacute; consultatif et d&rsquo;engagement<\/span><\/span><span class=\"TextRun SCXW23613942 BCX0\" lang=\"FR-FR\" xml:lang=\"FR-FR\" data-contrast=\"none\"><span class=\"NormalTextRun SCXW23613942 BCX0\">, contribuant ainsi directement &agrave; l&rsquo;orientation strat&eacute;gique de notre incubateur.<\/span><\/span><span class=\"EOP SCXW23613942 BCX0\" data-ccp-props=\"{&quot;134233117&quot;:false,&quot;134233118&quot;:false,&quot;335559738&quot;:240,&quot;335559739&quot;:240}\">&nbsp;<\/span><\/p><\/div><\/div><\/div><div class=\"x-col e271-e13 m7j-10 m7j-11\"><div class=\"x-div e271-e14 m7j-7 m7j-9 m7j-a m7j-b\"><span class=\"x-image e271-e15 m7j-14 m7j-15 m7j-16 m7j-17\"><img decoding=\"async\" src=\"https:\/\/la-lucarne.org\/wp-content\/uploads\/2025\/10\/Logo-Malakoff-banniere.png\" width=\"340\" height=\"70\" alt=\"Placeholder Image\" loading=\"lazy\"><\/span><\/div><div class=\"x-div e271-e16 m7j-9 m7j-a m7j-b m7j-c m7j-e\"><div class=\"x-text x-content e271-e17 m7j-l m7j-n m7j-o\"><p><span class=\"TextRun SCXW221474993 BCX0\" lang=\"FR-FR\" xml:lang=\"FR-FR\" data-contrast=\"none\"><span class=\"NormalTextRun SCXW221474993 BCX0\">Partenaire engag&eacute;, <strong>Malakoff Humanis<\/strong> incarne des valeurs qui r&eacute;sonnent avec celles de La Lucarne : inclusion, &eacute;co-responsabilit&eacute; et solidarit&eacute;. <br \/><br \/>Leur soutien est bien plus qu&rsquo;un financement, c&rsquo;est un <\/span><\/span><strong><span class=\"TextRun SCXW221474993 BCX0\" lang=\"FR-FR\" xml:lang=\"FR-FR\" data-contrast=\"none\"><span class=\"NormalTextRun SCXW221474993 BCX0\">investissement de sens<\/span><\/span><\/strong><span class=\"TextRun SCXW221474993 BCX0\" lang=\"FR-FR\" xml:lang=\"FR-FR\" data-contrast=\"none\"><span class=\"NormalTextRun SCXW221474993 BCX0\">, au service d&rsquo;un monde plus juste et durable. Nous sommes <\/span><span class=\"NormalTextRun SpellingErrorV2Themed SCXW221474993 BCX0\">fier&middot;e&middot;s<\/span><span class=\"NormalTextRun SCXW221474993 BCX0\"> de les compter parmi les membres de notre <\/span><\/span><span class=\"TextRun SCXW221474993 BCX0\" lang=\"FR-FR\" xml:lang=\"FR-FR\" data-contrast=\"none\"><span class=\"NormalTextRun SCXW221474993 BCX0\">comit&eacute; d&rsquo;engagement<\/span><\/span><span class=\"TextRun SCXW221474993 BCX0\" lang=\"FR-FR\" xml:lang=\"FR-FR\" data-contrast=\"none\"><span class=\"NormalTextRun SCXW221474993 BCX0\">, aux c&ocirc;t&eacute;s des porteur&middot;ses de projets que nous accompagnons.<\/span><\/span><\/p><\/div><\/div><\/div><div class=\"x-col e271-e18 m7j-10 m7j-11\"><div class=\"x-div e271-e19 m7j-7 m7j-9 m7j-a m7j-b\"><span class=\"x-image e271-e20 m7j-14 m7j-15 m7j-16 m7j-17\"><img decoding=\"async\" src=\"https:\/\/la-lucarne.org\/wp-content\/uploads\/2026\/02\/banque-territoires-logo-endos-bm-horizontal-pos-cmjn-scaled.jpg\" width=\"1280\" height=\"286\" alt=\"Placeholder Image\" loading=\"lazy\"><\/span><\/div><div class=\"x-div e271-e21 m7j-9 m7j-a m7j-b m7j-c m7j-f\"><div class=\"x-text x-content e271-e22 m7j-l m7j-n\"><p><span class=\"TextRun SCXW246222953 BCX0\" lang=\"FR-FR\" xml:lang=\"FR-FR\" data-contrast=\"none\"><span class=\"NormalTextRun SCXW246222953 BCX0\"><strong data-start=\"80\" data-end=\"109\">La Banque des Territoires<\/strong>, acteur public au service de l&rsquo;int&eacute;r&ecirc;t g&eacute;n&eacute;ral au sein de la Caisse des D&eacute;p&ocirc;ts, soutient les dynamiques locales qui renforcent la transition &eacute;cologique et la coh&eacute;sion territoriale. <br \/><br \/>Cet appui renforce notre capacit&eacute; &agrave; accompagner des projets qui prennent soin du vivant et font &eacute;merger, localement, des <strong>solutions concr&egrave;tes pour les transitions<\/strong>.&nbsp;<br \/><\/span><\/span><\/p><\/div><\/div><\/div><\/div><\/div><\/div><\/div><div class=\"x-section e271-e23 m7j-0 m7j-1 m7j-4 m7j-5\" id=\"3 acteurs\"><div class=\"x-div x-container max width e271-e24 m7j-7 m7j-8 m7j-9 m7j-a\"><div class=\"x-row e271-e25 m7j-q m7j-t m7j-u m7j-v m7j-y\"><div class=\"x-row-inner\"><div class=\"x-col e271-e26 m7j-11 m7j-12\"><div class=\"x-text x-text-headline e271-e27 m7j-h m7j-j\"><div class=\"x-text-content\"><div class=\"x-text-content-text\">\n<h2 class=\"x-text-content-text-primary\">Vous aussi, engagez-vous &agrave; nos c&ocirc;t&eacute;s<\/h2><\/div><\/div><\/div><div class=\"x-row e271-e28 m7j-q m7j-r m7j-v m7j-w m7j-z\"><div class=\"x-row-inner\"><div class=\"x-col e271-e29 m7j-11 m7j-12 m7j-13\"><div class=\"x-text x-content e271-e30 m7j-l m7j-m m7j-p\"><p>Soutenir La Lucarne, c&rsquo;est contribuer au d&eacute;veloppement de projets &agrave; impact positif dans le Grand Est et rejoindre un r&eacute;seau dynamique d&rsquo;acteurs engag&eacute;s pour l&rsquo;innovation responsable.<br \/><br \/>En devenant partenaire ou m&eacute;c&egrave;ne, vous pourrez d&eacute;couvrir en avant-premi&egrave;re les nouveaux projets, participer &agrave; notre comit&eacute; de s&eacute;lection, et valoriser votre engagement en figurant sur toutes nos communications.<br \/><br \/>Offrez &agrave; vos &eacute;quipes l&rsquo;opportunit&eacute; de s&rsquo;impliquer dans une aventure collective, faites rayonner vos valeurs et accompagnez l&rsquo;&eacute;closion d&rsquo;initiatives porteuses de sens pour le territoire.<\/p><\/div><a class=\"x-anchor x-anchor-button e271-e32 m7j-1a m7j-6\" tabindex=\"0\" href=\"mailto:contact@la-lucarne.org?subject=Soutenir la Lucarne\" target=\"_blank\" rel=\"noopener noreferrer\" data-x-effect=\"{&quot;durationBase&quot;:&quot;300ms&quot;}\"><div class=\"x-anchor-content\"><div class=\"x-anchor-text\"><span class=\"x-anchor-text-primary\">Nous contacter<\/span><\/div><\/div><\/a><\/div><\/div><\/div><\/div><div class=\"x-col e271-e33 m7j-11 m7j-12\"><figure class=\"x-div e271-e34 m7j-7 m7j-8 m7j-9 m7j-g\"><span class=\"x-image e271-e35 m7j-14 m7j-15 m7j-19\"><img decoding=\"async\" src=\"https:\/\/la-lucarne.org\/wp-content\/uploads\/2025\/10\/Equipe-ID.jpg\" width=\"960\" height=\"540\" alt=\"Placeholder Image\" loading=\"lazy\"><\/span><\/figure><\/div><\/div><\/div><\/div><\/div><\/div>\n","protected":false},"excerpt":{"rendered":"<p>Nos partenairesIls nous soutiennent d\u00e9j\u00e0, et nous leur adressons un immense merci. Leur engagement est fondamental pour le d\u00e9veloppement de La Lucarne et pour l\u2019essor des projets \u00e0 impact que nous accompagnons. Chaque partenaire apporte une force unique, un regard expert et un ancrage pr\u00e9cieux dans notre \u00e9cosyst\u00e8me.\u00a0 Gr\u00e2ce \u00e0 eux, La Lucarne peut offrir un accompagnement solide, un r\u00e9seau &#8230; <\/p>\n<div><a href=\"https:\/\/la-lucarne.org\/index.php\/nous-soutenir\/\" class=\"more-link\">Read More<\/a><\/div>\n","protected":false},"author":2,"featured_media":0,"parent":0,"menu_order":0,"comment_status":"closed","ping_status":"closed","template":"template-blank-4.php","meta":{"footnotes":""},"class_list":["post-271","page","type-page","status-publish","hentry","no-post-thumbnail"],"_links":{"self":[{"href":"https:\/\/la-lucarne.org\/index.php\/wp-json\/wp\/v2\/pages\/271","targetHints":{"allow":["GET"]}}],"collection":[{"href":"https:\/\/la-lucarne.org\/index.php\/wp-json\/wp\/v2\/pages"}],"about":[{"href":"https:\/\/la-lucarne.org\/index.php\/wp-json\/wp\/v2\/types\/page"}],"author":[{"embeddable":true,"href":"https:\/\/la-lucarne.org\/index.php\/wp-json\/wp\/v2\/users\/2"}],"replies":[{"embeddable":true,"href":"https:\/\/la-lucarne.org\/index.php\/wp-json\/wp\/v2\/comments?post=271"}],"version-history":[{"count":10,"href":"https:\/\/la-lucarne.org\/index.php\/wp-json\/wp\/v2\/pages\/271\/revisions"}],"predecessor-version":[{"id":320,"href":"https:\/\/la-lucarne.org\/index.php\/wp-json\/wp\/v2\/pages\/271\/revisions\/320"}],"wp:attachment":[{"href":"https:\/\/la-lucarne.org\/index.php\/wp-json\/wp\/v2\/media?parent=271"}],"curies":[{"name":"wp","href":"https:\/\/api.w.org\/{rel}","templated":true}]}}

<div id="cs-content" class="cs-content"><div class="x-section e271-e1 m7j-0 m7j-1 m7j-2" id="Nos partenaires"><div class="x-div x-container max width e271-e2 m7j-7 m7j-8 m7j-9 m7j-a"><div class="x-text x-text-headline e271-e3 m7j-h m7j-i"><div class="x-text-content"><div class="x-text-content-text">
<h2 class="x-text-content-text-primary">Nos partenaires</h2></div></div></div><div class="x-text x-content e271-e4 m7j-k m7j-l m7j-m"><p><span class="TextRun SCXW207724003 BCX0" lang="FR-FR" xml:lang="FR-FR" data-contrast="none"><span class="NormalTextRun SCXW207724003 BCX0">Ils nous soutiennent déjà, et nous leur adressons un <span style="color: #21938c;"><strong>immense merci</strong></span>. <br />
Leur engagement est fondamental pour le développement de La Lucarne et pour l’essor des projets à impact que nous accompagnons. Chaque partenaire apporte une force unique, un regard expert et un ancrage précieux dans notre écosystème.</span></span><span class="EOP SCXW207724003 BCX0" data-ccp-props="{&quot;134233117&quot;:false,&quot;134233118&quot;:false,&quot;335559738&quot;:240,&quot;335559739&quot;:240}"> <br />
<span class="TextRun SCXW244677240 BCX0" lang="FR-FR" xml:lang="FR-FR" data-contrast="none"><span class="NormalTextRun SCXW244677240 BCX0">Grâce à eux, La Lucarne peut offrir un accompagnement solide, un réseau d'expert·es qualifié·es et un cadre propice à l’émergence de projets entrepreneuriaux qui transforment positivement nos territoires.</span></span><span class="EOP SCXW244677240 BCX0" data-ccp-props="{&quot;134233117&quot;:false,&quot;134233118&quot;:false,&quot;335559738&quot;:240,&quot;335559739&quot;:240}"> </span><br />
</span></p></div></div></div><div class="x-section e271-e5 m7j-1 m7j-3 m7j-4"><div class="x-div x-container max width e271-e6 m7j-7 m7j-8 m7j-9 m7j-a"><div class="x-row e271-e7 m7j-q m7j-r m7j-s m7j-t m7j-x"><div class="x-row-inner"><div class="x-col e271-e8 m7j-10 m7j-11"><div class="x-div e271-e9 m7j-7 m7j-9 m7j-a m7j-b"><span class="x-image e271-e10 m7j-14 m7j-15 m7j-16 m7j-17"><img decoding="async" src="https://la-lucarne.org/wp-content/uploads/2025/10/Logo-EMS-banniere.png" width="340" height="70" alt="Placeholder Image" loading="lazy"></span></div><div class="x-div e271-e11 m7j-9 m7j-a m7j-b m7j-c m7j-d"><div class="x-text x-content e271-e12 m7j-l m7j-n m7j-o"><p data-start="101" data-end="392"><span class="TextRun SCXW23613942 BCX0" lang="FR-FR" xml:lang="FR-FR" data-contrast="none"><span class="NormalTextRun SCXW23613942 BCX0">La Lucarne est n&eacute;e &agrave; Strasbourg, et c&rsquo;est un honneur de b&eacute;n&eacute;ficier du soutien de la <strong>Ville et Eurom&eacute;tropole de Strasbourg</strong>. <br /><br />Leur engagement t&eacute;moigne d&rsquo;une volont&eacute; forte de </span></span><strong><span class="TextRun SCXW23613942 BCX0" lang="FR-FR" xml:lang="FR-FR" data-contrast="none"><span class="NormalTextRun SCXW23613942 BCX0">favoriser le maillage local</span></span></strong><span class="TextRun SCXW23613942 BCX0" lang="FR-FR" xml:lang="FR-FR" data-contrast="none"><span class="NormalTextRun SCXW23613942 BCX0"> des projets &agrave; impact, et d&rsquo;investir dans la croissance d&rsquo;initiatives innovantes et responsables. L&rsquo;Eurom&eacute;tropole de Strasbourg est &eacute;galement un membre actif de notre </span></span><span class="TextRun SCXW23613942 BCX0" lang="FR-FR" xml:lang="FR-FR" data-contrast="none"><span class="NormalTextRun SCXW23613942 BCX0">comit&eacute; consultatif et d&rsquo;engagement</span></span><span class="TextRun SCXW23613942 BCX0" lang="FR-FR" xml:lang="FR-FR" data-contrast="none"><span class="NormalTextRun SCXW23613942 BCX0">, contribuant ainsi directement &agrave; l&rsquo;orientation strat&eacute;gique de notre incubateur.</span></span><span class="EOP SCXW23613942 BCX0" data-ccp-props="{&quot;134233117&quot;:false,&quot;134233118&quot;:false,&quot;335559738&quot;:240,&quot;335559739&quot;:240}">&nbsp;</span></p></div></div></div><div class="x-col e271-e13 m7j-10 m7j-11"><div class="x-div e271-e14 m7j-7 m7j-9 m7j-a m7j-b"><span class="x-image e271-e15 m7j-14 m7j-15 m7j-16 m7j-17"><img decoding="async" src="https://la-lucarne.org/wp-content/uploads/2025/10/Logo-Malakoff-banniere.png" width="340" height="70" alt="Placeholder Image" loading="lazy"></span></div><div class="x-div e271-e16 m7j-9 m7j-a m7j-b m7j-c m7j-e"><div class="x-text x-content e271-e17 m7j-l m7j-n m7j-o"><p><span class="TextRun SCXW221474993 BCX0" lang="FR-FR" xml:lang="FR-FR" data-contrast="none"><span class="NormalTextRun SCXW221474993 BCX0">Partenaire engag&eacute;, <strong>Malakoff Humanis</strong> incarne des valeurs qui r&eacute;sonnent avec celles de La Lucarne : inclusion, &eacute;co-responsabilit&eacute; et solidarit&eacute;. <br /><br />Leur soutien est bien plus qu&rsquo;un financement, c&rsquo;est un </span></span><strong><span class="TextRun SCXW221474993 BCX0" lang="FR-FR" xml:lang="FR-FR" data-contrast="none"><span class="NormalTextRun SCXW221474993 BCX0">investissement de sens</span></span></strong><span class="TextRun SCXW221474993 BCX0" lang="FR-FR" xml:lang="FR-FR" data-contrast="none"><span class="NormalTextRun SCXW221474993 BCX0">, au service d&rsquo;un monde plus juste et durable. Nous sommes </span><span class="NormalTextRun SpellingErrorV2Themed SCXW221474993 BCX0">fier&middot;e&middot;s</span><span class="NormalTextRun SCXW221474993 BCX0"> de les compter parmi les membres de notre </span></span><span class="TextRun SCXW221474993 BCX0" lang="FR-FR" xml:lang="FR-FR" data-contrast="none"><span class="NormalTextRun SCXW221474993 BCX0">comit&eacute; d&rsquo;engagement</span></span><span class="TextRun SCXW221474993 BCX0" lang="FR-FR" xml:lang="FR-FR" data-contrast="none"><span class="NormalTextRun SCXW221474993 BCX0">, aux c&ocirc;t&eacute;s des porteur&middot;ses de projets que nous accompagnons.</span></span></p></div></div></div><div class="x-col e271-e18 m7j-10 m7j-11"><div class="x-div e271-e19 m7j-7 m7j-9 m7j-a m7j-b"><span class="x-image e271-e20 m7j-14 m7j-15 m7j-16 m7j-17"><img decoding="async" src="https://la-lucarne.org/wp-content/uploads/2026/02/banque-territoires-logo-endos-bm-horizontal-pos-cmjn-scaled.jpg" width="1280" height="286" alt="Placeholder Image" loading="lazy"></span></div><div class="x-div e271-e21 m7j-9 m7j-a m7j-b m7j-c m7j-f"><div class="x-text x-content e271-e22 m7j-l m7j-n"><p><span class="TextRun SCXW246222953 BCX0" lang="FR-FR" xml:lang="FR-FR" data-contrast="none"><span class="NormalTextRun SCXW246222953 BCX0"><strong data-start="80" data-end="109">La Banque des Territoires</strong>, acteur public au service de l&rsquo;int&eacute;r&ecirc;t g&eacute;n&eacute;ral au sein de la Caisse des D&eacute;p&ocirc;ts, soutient les dynamiques locales qui renforcent la transition &eacute;cologique et la coh&eacute;sion territoriale. <br /><br />Cet appui renforce notre capacit&eacute; &agrave; accompagner des projets qui prennent soin du vivant et font &eacute;merger, localement, des <strong>solutions concr&egrave;tes pour les transitions</strong>.&nbsp;<br /></span></span></p></div></div></div></div></div></div></div><div class="x-section e271-e23 m7j-0 m7j-1 m7j-4 m7j-5" id="3 acteurs"><div class="x-div x-container max width e271-e24 m7j-7 m7j-8 m7j-9 m7j-a"><div class="x-row e271-e25 m7j-q m7j-t m7j-u m7j-v m7j-y"><div class="x-row-inner"><div class="x-col e271-e26 m7j-11 m7j-12"><div class="x-text x-text-headline e271-e27 m7j-h m7j-j"><div class="x-text-content"><div class="x-text-content-text">
<h2 class="x-text-content-text-primary">Vous aussi, engagez-vous &agrave; nos c&ocirc;t&eacute;s</h2></div></div></div><div class="x-row e271-e28 m7j-q m7j-r m7j-v m7j-w m7j-z"><div class="x-row-inner"><div class="x-col e271-e29 m7j-11 m7j-12 m7j-13"><div class="x-text x-content e271-e30 m7j-l m7j-m m7j-p"><p>Soutenir La Lucarne, c&rsquo;est contribuer au d&eacute;veloppement de projets &agrave; impact positif dans le Grand Est et rejoindre un r&eacute;seau dynamique d&rsquo;acteurs engag&eacute;s pour l&rsquo;innovation responsable.<br /><br />En devenant partenaire ou m&eacute;c&egrave;ne, vous pourrez d&eacute;couvrir en avant-premi&egrave;re les nouveaux projets, participer &agrave; notre comit&eacute; de s&eacute;lection, et valoriser votre engagement en figurant sur toutes nos communications.<br /><br />Offrez &agrave; vos &eacute;quipes l&rsquo;opportunit&eacute; de s&rsquo;impliquer dans une aventure collective, faites rayonner vos valeurs et accompagnez l&rsquo;&eacute;closion d&rsquo;initiatives porteuses de sens pour le territoire.</p></div><a class="x-anchor x-anchor-button e271-e32 m7j-1a m7j-6" tabindex="0" href="mailto:contact@la-lucarne.org?subject=Soutenir la Lucarne" target="_blank" rel="noopener noreferrer" data-x-effect="{&quot;durationBase&quot;:&quot;300ms&quot;}"><div class="x-anchor-content"><div class="x-anchor-text"><span class="x-anchor-text-primary">Nous contacter</span></div></div></a></div></div></div></div><div class="x-col e271-e33 m7j-11 m7j-12"><figure class="x-div e271-e34 m7j-7 m7j-8 m7j-9 m7j-g"><span class="x-image e271-e35 m7j-14 m7j-15 m7j-19"><img decoding="async" src="https://la-lucarne.org/wp-content/uploads/2025/10/Equipe-ID.jpg" width="960" height="540" alt="Placeholder Image" loading="lazy"></span></figure></div></div></div></div></div></div>

<p>Nos partenairesIls nous soutiennent déjà, et nous leur adressons un immense merci. Leur engagement est fondamental pour le développement de La Lucarne et pour l’essor des projets à impact que nous accompagnons. Chaque partenaire apporte une force unique, un regard expert et un ancrage précieux dans notre écosystème.  Grâce à eux, La Lucarne peut offrir un accompagnement solide, un réseau &#8230; </p>
<div><a href="https://la-lucarne.org/index.php/nous-soutenir/" class="more-link">Read More</a></div>
